when 2214690 is divided by 603.
474
Calculate the remainder when 241681 is divided by 427.
426
What is the remainder when 3189350 is divided by 3189298?
52
What is the remainder when 61438645 is divided by 3233612?
17
What is the remainder when 3562135 is divided by 6917?
6797
What is the remainder when 4527604 is divided by 1509193?
25
Calculate the remainder when 1382272 is divided by 460757.
1
What is the remainder when 34936256 is divided by 4189?
4185
What is the remainder when 605535 is divided by 764?
447
What is the remainder when 67017 is divided by 959?
846
What is the remainder when 6070699 is divided by 3091?
3066
Calculate the remainder when 559599 is divided by 61776.
3615
Calculate the remainder when 58866278 is divided by 37.
18
Calculate the remainder when 255957 is divided by 31958.
293
Calculate the remainder when 4284249 is divided by 856849.
4
What is the remainder when 291756 is divided by 97203?
147
What is the remainder when 1413431 is divided by 102?
17
Calculate the remainder when 801878 is divided by 11137.
14
Calculate the remainder when 1908898 is divided by 76354.
48
What is the remainder when 175097 is divided by 13449?
260
What is the remainder when 136549 is divided by 34103?
137
What is the remainder when 2489 is divided by 2275?
214
What is the remainder when 460704940 is divided by 28?
24
What is the remainder when 32605 is divided by 4650?
55
Calculate the remainder when 196834646 is divided by 824.
822
Calculate the remainder when 1022974 is divided by 1290.
4
What is the remainder when 184787435 is divided by 4994255?
0
What is the remainder when 20862926 is divided by 68?
50
What is the remainder when 834000 is divided by 227?
2
Calculate the remainder when 2057616 is divided by 23382.
0
Calculate the remainder when 4728048 is divided by 205.
133
What is the remainder when 40884 is divided by 3192?
2580
What is the remainder when 559400 is divided by 2511?
1958
What is the remainder when 2436022 is divided by 678?
646
What is the remainder when 13335629 is divided by 753?
752
What is the remainder when 1609362 is divided by 3878?
3870
What is the remainder when 796943 is divided by 8?
7
What is the remainder when 57007726 is divided by 13760?
46
What is the remainder when 77325 is divided by 791?
598
What is the remainder when 2084761 is divided by 1042359?
43
Calculate the remainder when 7850697 is divided by 25.
22
Calculate the remainder when 160751 is divided by 10041.
95
Calculate the remainder when 23480 is divided by 7533.
881
Calculate the remainder when 2447239 is divided by 12.
7
Calculate the remainder when 16074838 is divided by 11640.
11638
What is the remainder when 6988102 is divided by 2329359?
25
What is the remainder when 4294250 is divided by 85?
50
What is the remainder when 9328519 is divided by 633?
631
Calculate the remainder when 137202827 is divided by 4228.
4227
What is the remainder when 2146722 is divided by 149?
79
What is the remainder when 113581 is divided by 2103?
19
Calculate the remainder when 1890298 is divided by 11884.
742
Calculate the remainder when 3866741 is divided by 2063.
679
What is the remainder when 6428394 is divided by 816?
762
What is the remainder when 61861935 is divided by 4945?
4930
What is the remainder when 70530477 is divided by 20867?
17
What is the remainder when 28523094 is divided by 9822?
6
Calculate the remainder when 51178079 is divided by 80.
79
Calculate the remainder when 3633587 is divided by 300.
287
Calculate the remainder when 1574879 is divided by 54305.
34
Calculate the remainder when 44207492 is divided by 117.
95
What is the remainder when 245648 is divided by 2707?
2018
Calculate the remainder when 1669061420 is divided by 6107.
6106
Calculate the remainder when 105378 is divided by 14964.
630
What is the remainder when 221445798 is divided by 8783?
19
What is the remainder when 1688063 is divided by 153444?
179
Calculate the remainder when 4948492 is divided by 12279.
55
Calculate the remainder when 201602 is divided by 5459.
5078
What is the remainder when 10084112 is divided by 168068?
32
What is the remainder when 969911 is divided by 45?
26
What is the remainder when 916644 is divided by 30?
24
Calculate the remainder when 54808798 is divided by 3342.
3340
What is the remainder when 3686565 is divided by 21?
15
What is the remainder when 2989931 is divided by 182?
35
Calculate the remainder when 2314151 is divided by 771379.
14
What is the remainder when 1017598 is divided by 60?
58
What is the remainder when 34887349 is divided by 3488730?
49
Calculate the remainder when 56679588 is divided by 79943.
1
Calculate the remainder when 4679313 is divided by 127.
125
Calculate the remainder when 27972410 is divided by 249.
248
What is the remainder when 104284758 is divided by 118?
16
Calculate the remainder when 10331857 is divided by 385.
382
What is the remainder when 41075645 is divided by 8?
5
What is the remainder when 3084515 is divided by 1028076?
287
What is the remainder when 44792923 is divided by 14930971?
10
Calculate the remainder when 82925 is divided by 721.
10
Calculate the remainder when 4581322 is divided by 1145241.
358
What is the remainder when 140206 is divided by 382?
12
Calculate the remainder when 11115026 is divided by 932.
926
What is the remainder when 6956978 is divided by 21?
14
What is the remainder when 4429108 is divided by 2214508?
92
What is the remainder when 13796083 is divided by 56310?
133
Calculate the remainder when 64634 is divided by 32315.
4
Calculate the remainder when 6774248 is divided by 6774225.
23
Calculate the remainder when 6610189 is divided by 6610171.
18
What is the remainder when 18404308 is divided by 1335?
1333
Calculate the remainder when 158806 is divided by 10551.
541
Calculate the remainder when 5745280 is divided by 207.
202
Calculate the remainder when 24895130 is divided by 9217.
13
What is the remainder when 227164 is divided by 7317?
337
What is the remainder when 68310094 is divided by 38?
2
Calculate the remainder when 4332121 is divided by 520.
1
What is the remainder when 504180 is divided by 448?
180
Calculate the remainder when 80528 is divided by 11805.
9698
What is the remainder when 3506129 is divided by 876478?
217
Calculate the remainder when 308443 is divided by 7343.
37
Calculate the remainder when 142351 is divided by 1878.
1501
Calculate the remainder when 304045 is divided by 101292.
169
Calculate the remainder when 16665320 is divided by 5555098.
26
What is the remainder when 1125318 is divided by 112523?
88
What is the remainder when 14868373 is divided by 1182?
1177
Calculate the remainder when 47426 is divided by 9481.
21
What is the remainder when 98449 is divided by 2401?
8
Calculate the remainder when 245511 is divided by 3659.
358
What is the remainder when 2552202 is divided by 170?
162
Calculate the remainder when 27039263 is divided by 309.
218
Calculate the remainder when 2651710 is divided by 366.
40
Calculate the remainder when 3352132 is divided by 38530.
22
Calculate the remainder when 256945 is divided by 2457.
1417
Calculate the remainder when 4393539 is divided by 7681.
7
What is the remainder when 10712266 is divided by 7?
5
What is the remainder when 3155433 is divided by 322?
155
What is the remainder when 36901412 is divided by 180?
152
What is the remainder when 1219103 is divided by 7300?
3
What is the remainder when 229802 is divided by 2946?
14
Calculate the remainder when 1363909 is divided by 45.
4
What is the remainder when 108037138 is divided by 9821557?
11
Calculate the remainder when 11209389 is divided by 11209387.
2
Calculate the remainder when 692452 is divided by 57690.
172
What is the remainder when 719354671 is divided by 123?
118
What is the remainder when 807252 is divided by 21241?
94
Calculate the remainder when 89476 is divided by 29577.
745
What is the remainder when 2823533 is divided by 75?
8
What is the remainder when 74270488 is divided by 106?
104
What is the remainder when 2846073 is divided by 237172?
9
Calculate the remainder when 25084958 is divided by 1029.
1025
What is the remainder when 384474 is divided by 17462?
310
What is the remainder when 422361 is divided by 70392?
9
What is th